 - 2*x + i = 135. What is the remainder when 79 is divided by x?
23
Suppose -5*m + 25249 = -4*v, -3*m - 37*v = -36*v - 15129. Calculate the remainder when m is divided by 50.
45
Suppose -242 = 15*n - 13*n. Calculate the remainder when (-1 + 2)/((-2)/12) - n is divided by 32.
19
Let u(n) = -n**3 - 2*n**2 + 2*n. Let k(g) = g**3 + 6*g**2 - 5*g + 9. Suppose 8*x + 50 = -6. Let r be k(x). Calculate the remainder when u(r) is divided by 17.
14
Suppose -5*j = -5*n + 480, 0*n = 2*n + 5*j - 220. Calculate the remainder when 1157 is divided by n.
57
Suppose -18*d + 21*d + 189 = 0. Let s = 3 - -4. What is the remainder when (-1246)/d - (-2)/9 is divided by s?
6
Let c(p) = -41*p + 87 + 13*p - 27 + 22*p. Suppose 0*g + g = 59. What is the remainder when g is divided by c(8)?
11
Let b = -1860 - -2145. Calculate the remainder when b is divided by 58.
53
Let a(y) = -y**3 + 4*y**2 + 23*y - 12. Let o be a(7). Suppose f + 27*h - 46 = 32*h, -3*h = -o*f + 120. Calculate the remainder when 261 is divided by f.
63
Let j = -1062 + 1684. Calculate the remainder when j is divided by 122.
12
Let i(m) = -66*m + 1 - 3 - 211*m. Let q be i(-2). What is the remainder when (q/(-36))/(2*(-2)/6) is divided by 8?
7
Let g(s) = -2*s**3 - 160*s**2 + 160*s + 6. What is the remainder when 512 is divided by g(-81)?
8
Let q be -8 + 51/6 + (-669)/(-2). Let v = 370 - q. Calculate the remainder when v is divided by 14.
7
Suppose -5*c + 0*p + 977 = -3*p, 0 = -p + 1. Suppose -222 + 2422 = 22*l. Calculate the remainder when c is divided by l.
96
Suppose 12*v = -36*v + 2208. What is the remainder when 454 is divided by v?
40
Suppose 13*t + 650 = 23*t. Suppose 0 = -w - 17 + t. Calculate the remainder when 135 is divided by w.
39
Suppose 24*d - 1945 = 2654 - 3543. Calculate the remainder when 4927 is divided by d.
43
Suppose 0 = -314*v + 2014 + 2382. Suppose -436 = -2*x + 176. Calculate the remainder when x is divided by v.
12
Let s(m) = 51*m**3 + 3*m**2 - 12*m + 11. Calculate the remainder when 2429 is divided by s(1).
44
Let k be (12/(-10))/(7/(210/(-12))). Let q be (4 - (-4 + 7))/(1/k). Suppose -5*z + 4*u + 64 = -z, q*z - 4*u = 53. What is the remainder when 30 is divided by z?
8
Let r(y) = -6*y - 6. Let l be -4 + (-80)/(-13) + (-18)/117. Suppose 3*b - 219 = -l*a - a, -2*b = -6. Calculate the remainder when a is divided by r(-5).
22
Let j(h) = 36*h - 131. Suppose -10*k = -8*k - 60. Suppose y - 5*w - 64 = 11, 0 = y + 4*w - k. Calculate the remainder when y is divided by j(4).
11
Let n be (8 - 60/7) + (-540)/(-14). What is the remainder when 27 is divided by ((0 - 2) + 0)/(n/(-285))?
12
Suppose -2*s + 4700 = 3*c, 2*c - s + 3*s = 3134. Calculate the remainder when c is divided by 7.
5
Suppose -256 = -3*u + h + 59, 4*u - 420 = 3*h. Calculate the remainder when 378 is divided by u.
63
Let b(o) = -6*o**2 + 427*o - 356. What is the remainder when b(66) is divided by 337?
5
Let r be 3/(-2)*(1 + (-21)/9). Suppose 3*i - 7*i - r*d = -44, -2*i + 4*d + 12 = 0. Suppose -8*v = -i*v + 24. Calculate the remainder when 30 is divided by v.
6
Let p(m) = 24*m**2 + 2*m + 1. Let d be (-286)/(-2)*1/(-2 - -3). Suppose 17*n - d = 6*n. Calculate the remainder when p(-1) is divided by n.
10
Let w be (-2)/(-3) + ((-111)/9)/(-1). Suppose w*r = 15*r - 20. Suppose -2*c - 320 = -r*c. Calculate the remainder when 156 is divided by c.
36
Suppose 2*v - 5*t = 10748, 2*v - v = -4*t + 5361. Suppose -v = 11*h - 24*h. What is the remainder when h is divided by 69?
68
Suppose g - 5*s - 53 = 0, 33*g + 107 = 34*g + 4*s. Suppose 3*o - 11 = 52. What is the remainder when g is divided by o?
20
Let w(z) = -13*z - 117. Let g be w(-27). Let a = -221 + g. Let m(u) = 192*u**2. What is the remainder when m(-1) is divided by a?
10
Suppose 301*u + 10128 = 304*u - 3*i, 3*u - 5*i = 10122. Calculate the remainder when u is divided by 94.
89
Let y = -7508 - -7536. What is the remainder when 2311 is divided by y?
15
Let l(x) = 33*x**2 - 3*x - 1. Let a = -768 - -802. What is the remainder when l(-3) is divided by a?
33
Suppose 7*v - 15080 = -2781. Calculate the remainder when v is divided by 110.
107
Let f(g) = -7*g**2 + 63*g + 11. Let c be f(12). Let b = c - -418. What is the remainder when b is divided by 18?
15
Let f(m) = -2*m**2 - 7*m + 9. Let j be f(3). What is the remainder when 202 is divided by 45/j*(-8)/(-6) - -14?
10
Let s(w) = 11*w - 374. Let p be (3 + -25)/((-5)/20). Let g = 162 - p. Calculate the remainder when g is divided by s(35).
8
Let z = -26450 - -27011. What is the remainder when z is divided by 225?
111
Suppose 32*z = 24*z. Suppose 4*s = -5*w - 42, -2*w + 3*s + z*s = 26. Calculate the remainder when 91 is divided by (-2)/((-8)/93) + w/40.
22
Calculate the remainder when (2 + -135)/((-7)/63) is divided by 40.
37
Let o = 215 + -140. Suppose 0 = 4*r - u - 567, -3*r = -u + o - 500. Suppose -r = -3*f + a, -4*f - 4*a + 122 = -f. What is the remainder when f is divided by 7?
4
Let y(j) = -34*j + 7. Let d(g) = g**2 - 11*g + 52. Suppose 3*k = 5*k - 16. Calculate the remainder when y(-3) is divided by d(k).
25
Let m = 1985 - 1978. Let i(g) = -g**3 - g + 41. Calculate the remainder when i(0) is divided by m.
6
Let k(q) = 3*q**2 - 18*q + 15. Let g be k(7). Suppose g + 54 = 6*y. Calculate the remainder when 77 is divided by y.
2
Suppose 34*u = 214 + 194. Calculate the remainder when u/54 + 403/9 is divided by 12.
9
What is the remainder when 849 is divided by -6*(-44)/(-24) - -97?
75
Let j = -2131 - -3858. Calculate the remainder when j is divided by 6.
5
Let l(q) = -473*q + 2458. What is the remainder when l(5) is divided by 16?
13
Suppose -3897 = -119*v + 38467. Calculate the remainder when v is divided by 13.
5
Calculate the remainder when 22/(-264) - 81892/(-48) is divided by 349.
310
Let k(y) = y - 20. Let q be k(16). Let o(f) = f**2 - 2*f + 2. Calculate the remainder when q/7 - -207*(-1)/(-7) is divided by o(3).
4
What is the remainder when 2247 is divided by 448 - (18 + -11 + -3 + 2 + -4)?
17
Suppose -3*i + 17 = 2. Let q(m) be the first derivative of -m**4/2 - m**3/3 - 7. Calculate the remainder when i is divided by q(-1).
0
Let s = -41 + 24. Let j = s - -29. What is the remainder when (7525/(-645))/((-1)/3) is divided by j?
11
Let l(p) = -p**3 - 21*p**2 - 30*p - 164. Let b(i) = 5*i**3 + 2*i**2 - 3*i - 1. Calculate the remainder when b(3) is divided by l(-20).
35
Suppose 8*l - m = 3*l - 8, l = 3*m + 4. What is the remainder when ((-21)/l)/(1 - 10/16) is divided by 8?
4
Let u be (-30)/5*38 - 6. Calculate the remainder when 16*7 - (-2)/(-2) is divided by (-1)/13 + (-4464)/u.
16
Let y(u) = -u + 12*u**2 + 5*u**2 - u - 3*u**2 + 2. Let p be y(4). Suppose 3*c + q + 215 = 7*c, -p = -4*c - 2*q. Calculate the remainder when c is divided by 11.
10
Suppose 3*l = 2*l. Suppose n - 3*q - 138 = 0, l = 5*n - 2*q - 3*q - 670. Let f = n - 93. What is the remainder when f is divided by 10?
9
Suppose 0 = -b + 2*i + 802, 8*b - 1636 = 6*b - 4*i. What is the remainder when 68 is divided by (-10)/8 + b/40?
11
What is the remainder when ((-1820)/525)/((-4)/318) + 20/50 is divided by 131?
14
Suppose -15 = w - 2*w - 3*t, 94 = 5*w - 4*t. Calculate the remainder when 147*(-9 + 560/60) is divided by w.
13
Let c(j) = -j**2 - 10*j + 172. Let g be c(-18). Suppose -g = -4*o + 176. Calculate the remainder when 201 is divided by o.
48
Let z = 4440 - 4350. Calculate the remainder when z is divided by 35.
20
Let y be 2/(4/(-2 - -18)). Suppose 3*p - 5*l - y = 37, -4*l = -p + 15. Let k(c) = 4*c**2 + 3*c - 2. What is the remainder when k(-3) is divided by p?
10
Let h = 2 + 3. Suppose -h*i + 4*i = 4*i. Suppose -5*f + 90 = -i*f. What is the remainder when f is divided by 10?
8
Suppose -8*c = 11 - 11. Suppose -177 - 47 = -2*s - a, c = -3*a. Suppose 0 = -2*j + 38. What is the remainder when s is divided by j?
17
Let h be 5 - (2 - 3)/(1/4). Let c = h + 8. Calculate the remainder when 23 is divided by c.
6
Let q = -131 - -131. Suppose -57 = -5*c - 3*z, -4*c = -q*c + 2*z - 44. Calculate the remainder when 105 is divided by c.
6
Let a(q) = -7*q + 3*q - 58 - 24 - 11*q - 6*q. Calculate the remainder when 135 is divided by a(-5).
20
Let l(z) = -4*z**2 + 22*z + 59. What is the remainder when 2139 is divided by l(7)?
14
Suppose 120 = -2*i - 144. Let g = -129 - i. Suppose 3*t + t - 79 = 5